{"id":10627,"date":"2021-02-04T09:40:20","date_gmt":"2021-02-04T08:40:20","guid":{"rendered":"https:\/\/kalaszigabor.hu\/?page_id=10627"},"modified":"2021-10-08T14:10:57","modified_gmt":"2021-10-08T13:10:57","slug":"parkapcsolat-es-csalad","status":"publish","type":"page","link":"https:\/\/kalaszigabor.hu\/en\/parkapcsolat-es-csalad\/","title":{"rendered":"P\u00e1rkapcsolat \u00e9s csal\u00e1d"},"content":{"rendered":"<div style=\"height:50px\" aria-hidden=\"true\" class=\"wp-block-spacer\"><\/div>\n\n\n\n<h3 class=\"has-white-color has-vivid-red-background-color has-text-color has-background wp-block-heading\">1.Mit ny\u00fajtunk?<\/h3>\n\n\n\n<div style=\"height:25px\" aria-hidden=\"true\" class=\"wp-block-spacer\"><\/div>\n\n\n\n<p>A p\u00e1rkapcsolati \u00e9s csal\u00e1di egy\u00fcttm\u0171k\u00f6d\u00e9s a karaktereken alapszik. Megvannak azok a karakterek, amik a f\u00e9rfi m\u0171k\u00f6d\u00e9s, a f\u00e9rfiass\u00e1g tart\u00f3oszlopai: ezek a Harcos, a Kir\u00e1ly, a M\u00e1gus, a Szeret\u0151. A n\u0151i oldalnak megvannak a n\u0151iess\u00e9get er\u0151s\u00edt\u0151 \u00e9s tart\u00e1st ad\u00f3 karakterei: a Papn\u0151, a Kir\u00e1lyn\u0151, a Szeret\u0151 \u00e9s a Sz\u00e9ps\u00e9g.&nbsp;<\/p>\n\n\n\n<p>Megvannak azok a karakterek is, amelyek az egy\u00fctt\u00e9l\u00e9st \u00e9s az egy\u00fcttm\u0171k\u00f6d\u00e9st mozgatj\u00e1k: ilyen a Sz\u00f6vets\u00e9ges, a Keresked\u0151, a H\u0151s, az Apa\/Anya. Van olyan karakter, ami hozz\u00e1j\u00e1rul a kapcsolat sz\u00e9ps\u00e9g\u00e9hez \u00e9s izgalm\u00e1hoz: ilyen a Romantikus \u00e9s a Beavat\u00f3 \u00e9s van olyan karakter is, ami pedig t\u00f6nkre tudja tenni a kapcsolatot, pl. a B\u00edr\u00f3, a Harcos \u00e9s az Uralkod\u00f3.&nbsp;<\/p>\n\n\n\n<p><\/p>\n\n\n\n<div style=\"height:25px\" aria-hidden=\"true\" class=\"wp-block-spacer\"><\/div>\n\n\n\n<h3 class=\"has-white-color has-vivid-red-background-color has-text-color has-background wp-block-heading\">2.Mi\u00e9rt j\u00f3 ez neked? Hogyan hasznos\u00edthatod? Mire alkalmas?&nbsp;<\/h3>\n\n\n\n<div style=\"height:25px\" aria-hidden=\"true\" class=\"wp-block-spacer\"><\/div>\n\n\n\n<p>A karaktereket megismerve<strong> felt\u00e1rhatod<\/strong>, hogy a p\u00e1roddal milyen karaktereken kereszt\u00fcl kapcsol\u00f3dtok, <strong>hogy mi az, ami j\u00f3l m\u0171k\u00f6dik, ami \u00e9p\u00edti \u00e9s t\u00e1mogatja a sz\u00f6vets\u00e9get \u00e9s mi az ami ellene dolgozik \u00e9s a konfliktusok forr\u00e1sa.<\/strong> A Szeret\u0151 er\u0151s\u00edt\u00e9s\u00e9vel a szenved\u00e9lyt hozhatod be az \u00e9letedbe, a Romantikus er\u0151s\u00edt\u00e9s\u00e9vel a szerelmet, a szerelem kifejez\u00e9s\u00e9t, az \u00e9rzelmek jobb kifejez\u00e9s\u00e9t. A Harcos \u00e9s a B\u00edr\u00f3 kontroll\u00e1l\u00e1s\u00e1val <strong>a konfliktusok m\u00e9rt\u00e9k\u00e9t lehet radik\u00e1lisan cs\u00f6kkenteni.&nbsp;<\/strong><\/p>\n\n\n\n<p><\/p>\n\n\n\n<div style=\"height:25px\" aria-hidden=\"true\" class=\"wp-block-spacer\"><\/div>\n\n\n\n<h3 class=\"has-white-color has-vivid-red-background-color has-text-color has-background wp-block-heading\">3.Hogyan tudod ezt be\u00e9p\u00edteni az \u00e9letedbe?<\/h3>\n\n\n\n<div style=\"height:25px\" aria-hidden=\"true\" class=\"wp-block-spacer\"><\/div>\n\n\n\n<p>A p\u00e1rkapcsolati f\u00f3kusz\u00fa karakter k\u00e9pz\u00e9s sor\u00e1n elsaj\u00e1t\u00edthatod a benned \u00e9l\u0151 f\u00e9rfias vagy n\u0151ies tulajdons\u00e1gok m\u0171k\u00f6d\u00e9si logik\u00e1j\u00e1t, \u00edgy nagyobb meg\u00e9rt\u00e9sed lesz az \u00f6szt\u00f6n\u00f6sen m\u0171k\u00f6d\u0151 viselked\u00e9smint\u00e1kr\u00f3l, jobban meg\u00e9rted \u00f6nmagadat \u00e9s a p\u00e1rodat.&nbsp;<\/p>\n\n\n\n<p>Ez egy f\u00e9l\u00e9ves program, amely k\u00e9thetente \u00e1ll egy teljes napb\u00f3l \u00e9s egy esti vagy reggeli alkalomb\u00f3l.&nbsp;<\/p>\n\n\n\n<p><\/p>\n\n\n\n<div style=\"height:25px\" aria-hidden=\"true\" class=\"wp-block-spacer\"><\/div>\n\n\n\n<h3 class=\"has-white-color has-vivid-red-background-color has-text-color has-background wp-block-heading\">4.Mit \u00e9r ez neked? Milyen \u00e9rt\u00e9ket teremt ez sz\u00e1modra?&nbsp;<\/h3>\n\n\n\n<div style=\"height:25px\" aria-hidden=\"true\" class=\"wp-block-spacer\"><\/div>\n\n\n\n<ul class=\"wp-block-list\"><li>A konfliktusos kapcsolatokat b\u00e9k\u00e9ss\u00e9 tudja tenni.<\/li><li>az ellaposodott kapcsolatot szenved\u00e9lyess\u00e9<\/li><li>az egy\u00fcttm\u0171k\u00f6d\u00e9st stabilabb\u00e1 \u00e9s kiegyens\u00falyozottabb\u00e1 tudja tenni<\/li><li>t\u00f6bb bizalmat hoz a kapcsolatba<\/li><li>cs\u00f6kkenti vagy megsz\u00fcnteti a f\u00fcgg\u0151s\u00e9gi vagy megfelel\u00e9si \u00e9s \u00edt\u00e9lkez\u00e9si mint\u00e1kat.&nbsp;<\/li><\/ul>\n\n\n\n<p>Felismerheted, meg tudod tal\u00e1lni a val\u00f3di \u00e9rt\u00e9ket magadban \u00e9s a p\u00e1rodban \u00e9s a kett\u0151t\u00f6k sz\u00f6vets\u00e9g\u00e9ben, \u00edgy jobban meg tudod becs\u00fclni a kapcsolatodat, a csal\u00e1dodat, meg\u00e9rtve \u00e9s felt\u00e1rva az egy\u00e9ni vagy kapcsolati bizonytalans\u00e1gok okait, magabiztosabb \u00e9s stabilabb tudsz lenni a kapcsolat \u00e1ltal.&nbsp;<\/p>\n\n\n\n<p>Meger\u0151s\u00edti \u00e9s nemesebb\u00e9, hat\u00e1rozottabb\u00e1 teszi a benned \u00e9l\u0151 n\u0151t \u00e9s f\u00e9rfit.\u00a0<\/p>\n\n\n\n<div style=\"height:25px\" aria-hidden=\"true\" class=\"wp-block-spacer\"><\/div>\n\n\n\n<h3 class=\"has-white-color has-vivid-red-background-color has-text-color has-background wp-block-heading\">5. P\u00e1rkapcsolati t\u00e9m\u00e1j\u00fa k\u00e9pz\u00e9seink \u00e9s konzult\u00e1ci\u00f3s lehet\u0151s\u00e9gek<\/h3>\n\n\n\n<div style=\"height:25px\" aria-hidden=\"true\" class=\"wp-block-spacer\"><\/div>\n\n\n\n<h2 class=\"wp-block-heading\">\u27a1\ufe0f <strong>Mag\u00e1n\u00e9leti karakter \u00e1llapot \u00e9s helyzet felm\u00e9r\u00e9s<\/strong><\/h2>\n\n\n\n<h4 class=\"wp-block-heading\">Kiknek sz\u00f3l ez a felm\u00e9r\u00e9s?<\/h4>\n\n\n\n<ul class=\"wp-block-list\"><li>Azoknak sz\u00f3l, akik szeretn\u00e9k a karakterek beazonos\u00edt\u00e1s\u00e1ban gyakorlott szakamber seg\u00edts\u00e9g\u00e9vel \u00e1ttekinteni a mag\u00e1n\u00e9letben, p\u00e1rkapcsolatban vagy csal\u00e1di k\u00f6rnyezetben \u00f6szt\u00f6n\u00f6sen \u00e9s term\u00e9szetesen m\u0171k\u00f6dtetett karaktereik \u00e1llapot\u00e1t. <\/li><li>Szeretn\u00e9k meg\u00e9rteni az ism\u00e9tl\u0151d\u0151 viselked\u00e9smint\u00e1ik h\u00e1tter\u00e9t \u00e9s a felv\u00e1llalt \u00e9s nem felv\u00e1llalt bels\u0151 motiv\u00e1ci\u00f3jukat. <\/li><li>Szeretn\u00e9k megtudni, hogy milyen fejl\u0151d\u00e9si lehet\u0151s\u00e9g\u00fck van a karaktereken kereszt\u00fcl vagy a karakter&nbsp; haszn\u00e1latban.&nbsp;<\/li><\/ul>\n\n\n\n<h4 class=\"wp-block-heading\">Mit ny\u00fajt?<\/h4>\n\n\n\n<p>Ez egy szem\u00e9lyes besz\u00e9lget\u00e9s ak\u00e1r online form\u00e1ban, 30-45 perces id\u0151tartamban, ahol \u00e1ttekintj\u00fck a kit\u00f6lt\u00f6tt tesztek eredm\u00e9ny\u00e9t \u00e9s a jelenleg haszn\u00e1lt karakterek \u00e1llapot\u00e1t \u00e9s megn\u00e9zz\u00fck a fejl\u0151d\u00e9si, fejleszt\u00e9si \u00fatvonalakat. <\/p>\n\n\n\n<p>Felt\u00e9tele a Karakter mini tr\u00e9ning megtekint\u00e9se \u00e9s a karaktertesztek kit\u00f6lt\u00e9se. <\/p>\n\n\n\n<h4 class=\"wp-block-heading\">Hogyan tudod elsaj\u00e1t\u00edtani?<\/h4>\n\n\n\n<p>\u00cdrj egy \u00fczenetet nek\u00fcnk az al\u00e1bbi gombra kattintva, a neved \u00e9s telefonsz\u00e1mod megad\u00e1s\u00e1val. A felm\u00e9r\u00e9s \u00e1ra 30 000 Ft + \u00c1FA<\/p>\n\n\n\n<div class=\"wp-block-buttons is-layout-flex wp-block-buttons-is-layout-flex\">\n<div class=\"wp-block-button\"><a class=\"wp-block-button__link has-white-color has-vivid-red-background-color has-text-color has-background\" href=\"https:\/\/kalaszigabor.hu\/kapcsolat\/\" target=\"_blank\" rel=\"noreferrer noopener\">Id\u0151pont egyeztet\u00e9s c\u00e9lj\u00e1b\u00f3l visszah\u00edv\u00e1st k\u00e9rek<\/a><\/div>\n<\/div>\n\n\n\n<div style=\"height:25px\" aria-hidden=\"true\" class=\"wp-block-spacer\"><\/div>\n\n\n\n<h2 class=\"wp-block-heading\">\u27a1\ufe0f <strong>Szem\u00e9lyes karakter k\u00e9pz\u00e9s p\u00e1rkapcsolati t\u00e9m\u00e1ban <\/strong><\/h2>\n\n\n\n<p><\/p>\n\n\n\n<p>Ha sz\u00edvesen r\u00e9szt venn\u00e9l ak\u00e1r hosszabb \u00e9l\u0151 k\u00e9pz\u00e9sen p\u00e1rkapcsolati t\u00e9m\u00e1ban, \u00edrj nek\u00fcnk! <strong> <\/strong><\/p>\n\n\n\n<div class=\"wp-block-buttons is-layout-flex wp-block-buttons-is-layout-flex\">\n<div class=\"wp-block-button\"><a class=\"wp-block-button__link has-white-color has-vivid-red-background-color has-text-color has-background\" href=\"https:\/\/kalaszigabor.hu\/kapcsolat\/\">\u00c9rdekel!<\/a><\/div>\n<\/div>\n\n\n\n<div style=\"height:100px\" aria-hidden=\"true\" class=\"wp-block-spacer\"><\/div>\n\n\n\n<p><\/p>","protected":false},"excerpt":{"rendered":"<p>1.Mit ny\u00fajtunk? A p\u00e1rkapcsolati \u00e9s csal\u00e1di egy\u00fcttm\u0171k\u00f6d\u00e9s a karaktereken alapszik. Megvannak azok a karakterek, amik a f\u00e9rfi m\u0171k\u00f6d\u00e9s, a f\u00e9rfiass\u00e1g tart\u00f3oszlopai: ezek a Harcos, a Kir\u00e1ly, a M\u00e1gus, a Szeret\u0151. A n\u0151i oldalnak megvannak a n\u0151iess\u00e9get er\u0151s\u00edt\u0151 \u00e9s tart\u00e1st ad\u00f3 karakterei: a Papn\u0151, a Kir\u00e1lyn\u0151, a Szeret\u0151 \u00e9s a Sz\u00e9ps\u00e9g.&nbsp; Megvannak azok a karakterek is, [&hellip;]<\/p>\n","protected":false},"author":1,"featured_media":0,"parent":0,"menu_order":0,"comment_status":"closed","ping_status":"closed","template":"","meta":{"footnotes":""},"class_list":["post-10627","page","type-page","status-publish","hentry"],"_links":{"self":[{"href":"https:\/\/kalaszigabor.hu\/en\/wp-json\/wp\/v2\/pages\/10627","targetHints":{"allow":["GET"]}}],"collection":[{"href":"https:\/\/kalaszigabor.hu\/en\/wp-json\/wp\/v2\/pages"}],"about":[{"href":"https:\/\/kalaszigabor.hu\/en\/wp-json\/wp\/v2\/types\/page"}],"author":[{"embeddable":true,"href":"https:\/\/kalaszigabor.hu\/en\/wp-json\/wp\/v2\/users\/1"}],"replies":[{"embeddable":true,"href":"https:\/\/kalaszigabor.hu\/en\/wp-json\/wp\/v2\/comments?post=10627"}],"version-history":[{"count":0,"href":"https:\/\/kalaszigabor.hu\/en\/wp-json\/wp\/v2\/pages\/10627\/revisions"}],"wp:attachment":[{"href":"https:\/\/kalaszigabor.hu\/en\/wp-json\/wp\/v2\/media?parent=10627"}],"curies":[{"name":"wp","href":"https:\/\/api.w.org\/{rel}","templated":true}]}}

Párkapcsolat és család

<div style="height:50px" aria-hidden="true" class="wp-block-spacer"></div>



<h3 class="has-white-color has-vivid-red-background-color has-text-color has-background wp-block-heading">1.Mit nyújtunk?</h3>



<div style="height:25px" aria-hidden="true" class="wp-block-spacer"></div>



<p>A párkapcsolati és családi együttműködés a karaktereken alapszik. Megvannak azok a karakterek, amik a férfi működés, a férfiasság tartóoszlopai: ezek a Harcos, a Király, a Mágus, a Szerető. A női oldalnak megvannak a nőiességet erősítő és tartást adó karakterei: a Papnő, a Királynő, a Szerető és a Szépség.&nbsp;</p>



<p>Megvannak azok a karakterek is, amelyek az együttélést és az együttműködést mozgatják: ilyen a Szövetséges, a Kereskedő, a Hős, az Apa/Anya. Van olyan karakter, ami hozzájárul a kapcsolat szépségéhez és izgalmához: ilyen a Romantikus és a Beavató és van olyan karakter is, ami pedig tönkre tudja tenni a kapcsolatot, pl. a Bíró, a Harcos és az Uralkodó.&nbsp;</p>



<p></p>



<div style="height:25px" aria-hidden="true" class="wp-block-spacer"></div>



<h3 class="has-white-color has-vivid-red-background-color has-text-color has-background wp-block-heading">2.Miért jó ez neked? Hogyan hasznosíthatod? Mire alkalmas?&nbsp;</h3>



<div style="height:25px" aria-hidden="true" class="wp-block-spacer"></div>



<p>A karaktereket megismerve<strong> feltárhatod</strong>, hogy a pároddal milyen karaktereken keresztül kapcsolódtok, <strong>hogy mi az, ami jól működik, ami építi és támogatja a szövetséget és mi az ami ellene dolgozik és a konfliktusok forrása.</strong> A Szerető erősítésével a szenvedélyt hozhatod be az életedbe, a Romantikus erősítésével a szerelmet, a szerelem kifejezését, az érzelmek jobb kifejezését. A Harcos és a Bíró kontrollálásával <strong>a konfliktusok mértékét lehet radikálisan csökkenteni.&nbsp;</strong></p>



<p></p>



<div style="height:25px" aria-hidden="true" class="wp-block-spacer"></div>



<h3 class="has-white-color has-vivid-red-background-color has-text-color has-background wp-block-heading">3.Hogyan tudod ezt beépíteni az életedbe?</h3>



<div style="height:25px" aria-hidden="true" class="wp-block-spacer"></div>



<p>A párkapcsolati fókuszú karakter képzés során elsajátíthatod a benned élő férfias vagy nőies tulajdonságok működési logikáját, így nagyobb megértésed lesz az ösztönösen működő viselkedésmintákról, jobban megérted önmagadat és a párodat.&nbsp;</p>



<p>Ez egy féléves program, amely kéthetente áll egy teljes napból és egy esti vagy reggeli alkalomból.&nbsp;</p>



<p></p>



<div style="height:25px" aria-hidden="true" class="wp-block-spacer"></div>



<h3 class="has-white-color has-vivid-red-background-color has-text-color has-background wp-block-heading">4.Mit ér ez neked? Milyen értéket teremt ez számodra?&nbsp;</h3>



<div style="height:25px" aria-hidden="true" class="wp-block-spacer"></div>



<ul class="wp-block-list"><li>A konfliktusos kapcsolatokat békéssé tudja tenni.</li><li>az ellaposodott kapcsolatot szenvedélyessé</li><li>az együttműködést stabilabbá és kiegyensúlyozottabbá tudja tenni</li><li>több bizalmat hoz a kapcsolatba</li><li>csökkenti vagy megszünteti a függőségi vagy megfelelési és ítélkezési mintákat.&nbsp;</li></ul>



<p>Felismerheted, meg tudod találni a valódi értéket magadban és a párodban és a kettőtök szövetségében, így jobban meg tudod becsülni a kapcsolatodat, a családodat, megértve és feltárva az egyéni vagy kapcsolati bizonytalanságok okait, magabiztosabb és stabilabb tudsz lenni a kapcsolat által.&nbsp;</p>



<p>Megerősíti és nemesebbé, határozottabbá teszi a benned élő nőt és férfit. </p>



<div style="height:25px" aria-hidden="true" class="wp-block-spacer"></div>



<h3 class="has-white-color has-vivid-red-background-color has-text-color has-background wp-block-heading">5. Párkapcsolati témájú képzéseink és konzultációs lehetőségek</h3>



<div style="height:25px" aria-hidden="true" class="wp-block-spacer"></div>



<h2 class="wp-block-heading">➡️ <strong>Magánéleti karakter állapot és helyzet felmérés</strong></h2>



<h4 class="wp-block-heading">Kiknek szól ez a felmérés?</h4>



<ul class="wp-block-list"><li>Azoknak szól, akik szeretnék a karakterek beazonosításában gyakorlott szakamber segítségével áttekinteni a magánéletben, párkapcsolatban vagy családi környezetben ösztönösen és természetesen működtetett karaktereik állapotát. </li><li>Szeretnék megérteni az ismétlődő viselkedésmintáik hátterét és a felvállalt és nem felvállalt belső motivációjukat. </li><li>Szeretnék megtudni, hogy milyen fejlődési lehetőségük van a karaktereken keresztül vagy a karakter&nbsp; használatban.&nbsp;</li></ul>



<h4 class="wp-block-heading">Mit nyújt?</h4>



<p>Ez egy személyes beszélgetés akár online formában, 30-45 perces időtartamban, ahol áttekintjük a kitöltött tesztek eredményét és a jelenleg használt karakterek állapotát és megnézzük a fejlődési, fejlesztési útvonalakat. </p>



<p>Feltétele a Karakter mini tréning megtekintése és a karaktertesztek kitöltése. </p>



<h4 class="wp-block-heading">Hogyan tudod elsajátítani?</h4>



<p>Írj egy üzenetet nekünk az alábbi gombra kattintva, a neved és telefonszámod megadásával. A felmérés ára 30 000 Ft + ÁFA</p>



<div class="wp-block-buttons is-layout-flex wp-block-buttons-is-layout-flex">
<div class="wp-block-button"><a class="wp-block-button__link has-white-color has-vivid-red-background-color has-text-color has-background" href="https://kalaszigabor.hu/kapcsolat/" target="_blank" rel="noreferrer noopener">Időpont egyeztetés céljából visszahívást kérek</a></div>
</div>



<div style="height:25px" aria-hidden="true" class="wp-block-spacer"></div>



<h2 class="wp-block-heading">➡️ <strong>Személyes karakter képzés párkapcsolati témában </strong></h2>



<p></p>



<p>Ha szívesen részt vennél akár hosszabb élő képzésen párkapcsolati témában, írj nekünk! <strong> </strong></p>



<div class="wp-block-buttons is-layout-flex wp-block-buttons-is-layout-flex">
<div class="wp-block-button"><a class="wp-block-button__link has-white-color has-vivid-red-background-color has-text-color has-background" href="https://kalaszigabor.hu/kapcsolat/">Érdekel!</a></div>
</div>



<div style="height:100px" aria-hidden="true" class="wp-block-spacer"></div>



<p></p>

<p>1.Mit nyújtunk? A párkapcsolati és családi együttműködés a karaktereken alapszik. Megvannak azok a karakterek, amik a férfi működés, a férfiasság tartóoszlopai: ezek a Harcos, a Király, a Mágus, a Szerető. A női oldalnak megvannak a nőiességet erősítő és tartást adó karakterei: a Papnő, a Királynő, a Szerető és a Szépség.&nbsp; Megvannak azok a karakterek is, [&hellip;]</p>
